{"id":2881,"date":"2024-01-18T18:31:59","date_gmt":"2024-01-18T18:31:59","guid":{"rendered":"https:\/\/agrarvideos-schwaben.de\/?post_type=product&#038;p=2881"},"modified":"2026-03-10T07:50:31","modified_gmt":"2026-03-10T07:50:31","slug":"stickerset-vollgas","status":"publish","type":"product","link":"https:\/\/agrarvideos-schwaben.de\/index.php\/produkt\/stickerset-vollgas\/","title":{"rendered":"Stickerset &#8222;Vollgas&#8220;"},"content":{"rendered":"\t\t<div data-elementor-type=\"product-post\" data-elementor-id=\"2881\" class=\"elementor elementor-2881\" data-elementor-post-type=\"product\">\n\t\t\t\t\t\t<section class=\"elementor-section elementor-top-section elementor-element elementor-element-e056df2 elementor-section-boxed elementor-section-height-default elementor-section-height-default\" data-id=\"e056df2\" data-element_type=\"section\" data-e-type=\"section\">\n\t\t\t\t\t\t<div class=\"elementor-container elementor-column-gap-default\">\n\t\t\t\t\t<div class=\"elementor-column elementor-col-100 elementor-top-column elementor-element elementor-element-0fadbdd\" data-id=\"0fadbdd\" data-element_type=\"column\" data-e-type=\"column\">\n\t\t\t<div class=\"elementor-widget-wrap elementor-element-populated\">\n\t\t\t\t\t\t<div class=\"elementor-element elementor-element-b397524 elementor-widget elementor-widget-text-editor\" data-id=\"b397524\" data-element_type=\"widget\" data-e-type=\"widget\" data-widget_type=\"text-editor.default\">\n\t\t\t\t<div class=\"elementor-widget-container\">\n\t\t\t\t\t\t\t\t\t<p>Stickerset &#8222;Vollgas&#8220;<\/p><p>\u00a0<\/p><p>Unser neues Stickerset &#8222;Vollgas&#8220; beinhaltet insgesamt 200 Aufkleber, aufgeteilt in 40 Motive (5 Aufkleber je Motiv). Somit habt ihr die ultimative Vielfalt, f\u00fcr alle, die gern etwas mehr Abwechslung wollen.<\/p><p>Der etwas h\u00f6here Preis ist dem ungemein gr\u00f6\u00dferen Aufwand der Sortierung geschuldet. Wir hoffen, ihr seid cool damit.<\/p><p><span style=\"font-family: Arial, Helvetica, sans-serif; font-size: 17px; font-style: normal; font-variant-caps: normal; font-weight: 600;\">Mit unseren Stickern kannst du jede noch so wichtige Botschaft hinterlassen und auch ohne viele Worte dein passendes Statement an Ort und Stelle hinterlassen.\u00a0<\/span><\/p><ul><li>Aufkleberformat: 74mm x 52mm. (Ein wenig kleiner als eine herk\u00f6mmliche EC-Karte) Passt somit in fast jeden Geldbeutel<\/li><li>Starke Haftung<\/li><li>Hergestellt in Deutschland<\/li><\/ul><p>Farbe und Zuschnitt k\u00f6nnen durch produktionsbedingte Umst\u00e4nde abweichen.<\/p><p>\u00a0<\/p>\t\t\t\t\t\t\t\t<\/div>\n\t\t\t\t<\/div>\n\t\t\t\t\t<\/div>\n\t\t<\/div>\n\t\t\t\t\t<\/div>\n\t\t<\/section>\n\t\t\t\t<\/div>\n\t\t","protected":false},"excerpt":{"rendered":"<p>Stickerset &#8222;Vollgas&#8220; Unser neues Stickerset &#8222;Vollgas&#8220; beinhaltet insgesamt 200 Aufkleber, aufgeteilt in 40 Motive (5 Aufkleber je Motiv). Somit habt ihr die ultimative Vielfalt, f\u00fcr alle, die gern etwas mehr Abwechslung wollen. Der etwas h\u00f6here Preis ist dem ungemein gr\u00f6\u00dferen Aufwand der Sortierung geschuldet. Wir hoffen, ihr seid cool damit. Mit unseren Stickern kannst du [&hellip;]<\/p>\n","protected":false},"featured_media":2950,"template":"","meta":{"ocean_post_layout":"","ocean_both_sidebars_style":"","ocean_both_sidebars_content_width":0,"ocean_both_sidebars_sidebars_width":0,"ocean_sidebar":"0","ocean_second_sidebar":"0","ocean_disable_margins":"enable","ocean_add_body_class":"","ocean_shortcode_before_top_bar":"","ocean_shortcode_after_top_bar":"","ocean_shortcode_before_header":"","ocean_shortcode_after_header":"","ocean_has_shortcode":"","ocean_shortcode_after_title":"","ocean_shortcode_before_footer_widgets":"","ocean_shortcode_after_footer_widgets":"","ocean_shortcode_before_footer_bottom":"","ocean_shortcode_after_footer_bottom":"","ocean_display_top_bar":"default","ocean_display_header":"default","ocean_header_style":"","ocean_center_header_left_menu":"0","ocean_custom_header_template":"0","ocean_custom_logo":0,"ocean_custom_retina_logo":0,"ocean_custom_logo_max_width":0,"ocean_custom_logo_tablet_max_width":0,"ocean_custom_logo_mobile_max_width":0,"ocean_custom_logo_max_height":0,"ocean_custom_logo_tablet_max_height":0,"ocean_custom_logo_mobile_max_height":0,"ocean_header_custom_menu":"0","ocean_menu_typo_font_family":"0","ocean_menu_typo_font_subset":"","ocean_menu_typo_font_size":0,"ocean_menu_typo_font_size_tablet":0,"ocean_menu_typo_font_size_mobile":0,"ocean_menu_typo_font_size_unit":"px","ocean_menu_typo_font_weight":"","ocean_menu_typo_font_weight_tablet":"","ocean_menu_typo_font_weight_mobile":"","ocean_menu_typo_transform":"","ocean_menu_typo_transform_tablet":"","ocean_menu_typo_transform_mobile":"","ocean_menu_typo_line_height":0,"ocean_menu_typo_line_height_tablet":0,"ocean_menu_typo_line_height_mobile":0,"ocean_menu_typo_line_height_unit":"","ocean_menu_typo_spacing":0,"ocean_menu_typo_spacing_tablet":0,"ocean_menu_typo_spacing_mobile":0,"ocean_menu_typo_spacing_unit":"","ocean_menu_link_color":"","ocean_menu_link_color_hover":"","ocean_menu_link_color_active":"","ocean_menu_link_background":"","ocean_menu_link_hover_background":"","ocean_menu_link_active_background":"","ocean_menu_social_links_bg":"","ocean_menu_social_hover_links_bg":"","ocean_menu_social_links_color":"","ocean_menu_social_hover_links_color":"","ocean_disable_title":"default","ocean_disable_heading":"default","ocean_post_title":"","ocean_post_subheading":"","ocean_post_title_style":"","ocean_post_title_background_color":"","ocean_post_title_background":0,"ocean_post_title_bg_image_position":"","ocean_post_title_bg_image_attachment":"","ocean_post_title_bg_image_repeat":"","ocean_post_title_bg_image_size":"","ocean_post_title_height":0,"ocean_post_title_bg_overlay":0.5,"ocean_post_title_bg_overlay_color":"","ocean_disable_breadcrumbs":"default","ocean_breadcrumbs_color":"","ocean_breadcrumbs_separator_color":"","ocean_breadcrumbs_links_color":"","ocean_breadcrumbs_links_hover_color":"","ocean_display_footer_widgets":"default","ocean_display_footer_bottom":"default","ocean_custom_footer_template":"0"},"product_brand":[],"product_cat":[50],"product_tag":[43,52,101,51,99,100],"class_list":{"0":"post-2881","1":"product","2":"type-product","3":"status-publish","4":"has-post-thumbnail","6":"product_cat-aufkleber-sticker","7":"product_tag-agrarvideos-schwaben","8":"product_tag-aufkleber","9":"product_tag-aufkleberset","10":"product_tag-sticker","11":"product_tag-stickerset","12":"product_tag-stickerset-vollgas","14":"entry","15":"has-media","17":"first","18":"instock","19":"taxable","20":"shipping-taxable","21":"purchasable","22":"product-type-simple","23":"has-product-nav","24":"col","25":"span_1_of_3","26":"owp-content-center","27":"item-entry","28":"owp-thumbs-layout-vertical","29":"owp-btn-very-big","30":"owp-tabs-layout-horizontal"},"jetpack_sharing_enabled":true,"_links":{"self":[{"href":"https:\/\/agrarvideos-schwaben.de\/index.php\/wp-json\/wp\/v2\/product\/2881","targetHints":{"allow":["GET"]}}],"collection":[{"href":"https:\/\/agrarvideos-schwaben.de\/index.php\/wp-json\/wp\/v2\/product"}],"about":[{"href":"https:\/\/agrarvideos-schwaben.de\/index.php\/wp-json\/wp\/v2\/types\/product"}],"version-history":[{"count":10,"href":"https:\/\/agrarvideos-schwaben.de\/index.php\/wp-json\/wp\/v2\/product\/2881\/revisions"}],"predecessor-version":[{"id":2894,"href":"https:\/\/agrarvideos-schwaben.de\/index.php\/wp-json\/wp\/v2\/product\/2881\/revisions\/2894"}],"wp:featuredmedia":[{"embeddable":true,"href":"https:\/\/agrarvideos-schwaben.de\/index.php\/wp-json\/wp\/v2\/media\/2950"}],"wp:attachment":[{"href":"https:\/\/agrarvideos-schwaben.de\/index.php\/wp-json\/wp\/v2\/media?parent=2881"}],"wp:term":[{"taxonomy":"product_brand","embeddable":true,"href":"https:\/\/agrarvideos-schwaben.de\/index.php\/wp-json\/wp\/v2\/product_brand?post=2881"},{"taxonomy":"product_cat","embeddable":true,"href":"https:\/\/agrarvideos-schwaben.de\/index.php\/wp-json\/wp\/v2\/product_cat?post=2881"},{"taxonomy":"product_tag","embeddable":true,"href":"https:\/\/agrarvideos-schwaben.de\/index.php\/wp-json\/wp\/v2\/product_tag?post=2881"}],"curies":[{"name":"wp","href":"https:\/\/api.w.org\/{rel}","templated":true}]}}